 -28. What is the remainder when 1 - -2 - (-76 - 0) is divided by w?
38
Calculate the remainder when (-1 - -3) + -6 - (-20 - 991) is divided by 63.
62
Suppose 0 = -12*i - 745 + 1645. What is the remainder when i is divided by 55?
20
Let o be (-39)/(-104) + 105/40. Suppose 0*y - 221 = -o*y - l, -l = -5*y + 355. Calculate the remainder when y is divided by 21.
9
Suppose -5*g - 3*t + 685 = 0, 693 = 6*g - 2*t - 101. Let p be 0/(-5) + (-4)/(-2). What is the remainder when g is divided by ((-10)/3)/(p/(-9))?
14
Calculate the remainder when (-539082)/(-324) - (4/2 + (-7)/6) is divided by 167.
160
Suppose 3 = 2*f + 1. Suppose 32*q + 18 = -14. Calculate the remainder when 59 is divided by (-2 + 3 + -16)/(q/f).
14
Let i = 10707 - 10676. Calculate the remainder when 1062 is divided by i.
8
Let o(u) = 19*u - 938. Calculate the remainder when o(87) is divided by 90.
85
Let j = 12 + 19. Let p(w) = -5*w - 58 - 7*w - 11*w + 5*w + w. What is the remainder when p(-7) is divided by j?
30
Let d = 12480 - 12395. Suppose 0 = 2*r - 15 - 3. What is the remainder when d is divided by r?
4
Let p(u) be the first derivative of -u**3/3 + 39*u**2/2 - 31*u - 266. What is the remainder when 141 is divided by p(36)?
64
Calculate the remainder when 855 is divided by (-1204)/(-210)*25*(0 - 12/(-10)).
167
Let q = 8617 + -191. What is the remainder when q is divided by 172?
170
Suppose -14*o = -0*o - 4515 - 3759. What is the remainder when 3550 is divided by o?
4
Suppose 549799 = -455*v + 533759 + 1446560. What is the remainder when v is divided by 19?
9
Suppose 6 = 9*v - 7*v + 5*j, 2*j = -4. Calculate the remainder when 380 is divided by v.
4
Suppose -50*i - 26065 = -451*i. What is the remainder when 144 is divided by i?
14
Let a(g) = 16*g - 29. What is the remainder when 4/(-2)*((-311)/2 + -1) is divided by a(4)?
33
Let a(b) = 106*b - 1453. Calculate the remainder when 80 is divided by a(14).
18
Suppose 0 = -7*m + 132 + 43. What is the remainder when 4743 is divided by m?
18
Let r(o) = -o**2 - 10*o - 7. Let i be r(-4). Suppose 4*j - p - 2 - i = 0, -p = -5. Calculate the remainder when j is divided by 3.
0
Let p be (-84)/(-35)*(-15)/2. Let z = 31 + p. Let r = z - -2. What is the remainder when 57 is divided by r?
12
Suppose 9*h - 208 = 7*h. Let d = h - 101. Suppose -d*p - p = 8, o + 2*p = 61. Calculate the remainder when o is divided by 33.
32
Let z = -45 - -48. Suppose 4*q - 2*q + 44 = 2*l, 0 = z*l - 5*q - 74. Calculate the remainder when 43 is divided by l.
7
Let p = -591 + 640. Calculate the remainder when p is divided by 13.
10
Let x be -39*(-52)/12*-1. Let z = -146 - x. What is the remainder when 32 is divided by z?
9
Let t(c) = -1442*c - 7183. Let j = 65 - -64. Calculate the remainder when j is divided by t(-5).
21
Suppose 10 = -2*g + 20. Suppose g = d + 5*l, -4*l - 7 - 7 = -d. What is the remainder when d is divided by 4?
2
Suppose -1317 - 1587 = -88*g. Calculate the remainder when 86 is divided by g.
20
Suppose 75 = -4*l - 113. Let d = 52 + l. Suppose -42 = -d*k - k. Calculate the remainder when 27 is divided by k.
6
What is the remainder when (-240)/(-9) - 2/3 is divided by 7 - ((-2)/(-6))/((87/(-36))/(-29))?
2
Suppose 2*b + 348 = o + 290, 2*o = -b + 146. Calculate the remainder when 3639 is divided by o.
69
Let h = 48 - 388. Let p = 455 + h. What is the remainder when p is divided by 27?
7
Let i(j) = 27*j**2 - 1287*j + 3853. Suppose -2*q + 240 = 2*q. Calculate the remainder when i(3) is divided by q.
55
Let i(w) = w**3 + 15*w**2 + 7*w - 45. Suppose -126 = 21*f - 12*f. What is the remainder when i(f) is divided by 31?
22
Let a(m) = -498*m**2 + 1. Let y(g) = -991*g**2 + g + 2. Let v(x) = 5*a(x) - 3*y(x). What is the remainder when v(-1) is divided by 9?
8
Let a = 6168 + -6099. Calculate the remainder when 232 is divided by a.
25
Suppose -9*l + 1859 = -6*l - 2*v, 3*l = -2*v + 1879. What is the remainder when l is divided by 126?
119
Let l(g) = 3*g**2 - 3*g - 2. Suppose 6 = -10*q + 7*q. Calculate the remainder when ((-12)/16*4 - q) + 29 is divided by l(-2).
12
Let l be -38 + (3 - 4)*3. Suppose 0 = -3*h - 79 - 146. Let d = l - h. What is the remainder when d is divided by 21?
13
What is the remainder when (44/33)/(6/(-612)*-2) is divided by 16?
4
Suppose 213*p + 140507 = 362*p. What is the remainder when p is divided by 193?
171
Suppose 2*a = -0*c + 5*c + 100, 3*c = -6. Calculate the remainder when a is divided by 5.
0
Let t = 4 - 2. Suppose -2*a - t*a + 190 = 5*g, 0 = g + 5*a - 17. What is the remainder when g is divided by ((-2)/3 - 3)/((-5 - 3)/48)?
20
Suppose 51*t + 1821 - 5646 = 0. What is the remainder when t is divided by 8?
3
Let m = -13 + 17. Suppose -m*p - 25 = -45. Suppose 113 = 5*h - 2*b, -p*h + 2*b + 90 = -h. What is the remainder when 91 is divided by h?
22
Let c(f) be the third derivative of -f**5/60 - 7*f**4/24 + 7*f**3/3 + 22*f**2 - 2. Calculate the remainder when 39 is divided by c(-6).
19
Let o(r) be the first derivative of 7*r**2 + 109*r - 166. What is the remainder when 62 is divided by o(-6)?
12
Suppose -4*q + 10 = j, -4*j + 4*q = -38 - 22. Suppose 1012 = 9*c + j*c. Calculate the remainder when 129 is divided by c.
41
Suppose -j - 7 = 3*k + 3*j, -k - 3*j - 9 = 0. Suppose 4*l - 47 = -k*n + 164, -5*l + 5 = 0. Calculate the remainder when n is divided by 9.
6
Suppose 1 = 3*s - 2*u, 7*s = 3*s - 3*u - 10. Calculate the remainder when 67 is divided by (775/(-50))/(s/2).
5
Let q = 1837 + -1705. Calculate the remainder when 1307 is divided by q.
119
What is the remainder when 225 + (-9)/27*3 is divided by 8?
0
Suppose -12*h + 9*h + 558 = 0. Suppose 3*m - 40 = -x, 0*x = -4*x + m + h. Let f(s) = 3*s**2 + 7*s + 6. What is the remainder when x is divided by f(-3)?
10
Suppose 187*z - 238 = 3691 + 2055. Calculate the remainder when 2047 is divided by z.
31
Let i = -5215 + 5256. Calculate the remainder when 165 is divided by i.
1
Suppose -4*d - 4*s = -172, 4*s + 215 = 3*d + 2*d. Suppose -2*j + 424 = 4*m, 2*m - 46*j - 220 = -d*j. Calculate the remainder when m is divided by 16.
11
Suppose m - 13 - 35 = 5*y, 5*y = 2*m - 51. Let o(s) = -s**3 - 8*s**2 + 11*s + 33. What is the remainder when 89 is divided by o(y)?
14
Suppose -27*y + 103171 = 1651. What is the remainder when y is divided by 71?
68
Let p be (-4 + 3)*13 - -1. Calculate the remainder when 62 is divided by (18/p - 0)*-22.
29
Let f(p) = -4*p - 10. Let l be f(-4). Let b be (-3)/l*5/(5/(-2)). Suppose -8*a + 17 = b. Calculate the remainder when 7 is divided by a.
1
Suppose 0 = i - 980 + 892. Calculate the remainder when 2107 is divided by i.
83
Let y = 207 + -155. Suppose -y = -2*o + 74. Calculate the remainder when o is divided by 34.
29
Let q = 30682 - 28763. What is the remainder when q is divided by 389?
363
Let a be -4*-1*3/6. Suppose -a*d = -z - 35, -3*z + 42 = 3*d - 8*z. What is the remainder when 5022/(-18)*10/(-30) is divided by d?
17
Let a = -23 + 26. Suppose -691*k = -688*k - 123. What is the remainder when k is divided by a/(-6)*3*-10?
11
Suppose 674*v - 4368 = 670*v. Calculate the remainder when v is divided by 183.
177
What is the remainder when 57/209 + 19978/154 is divided by 52?
26
Suppose -27*z - 44 = -31*z. Suppose z*m - 9*m - 72 = 0. Let i(t) = -23*t + 3. What is the remainder when i(-6) is divided by m?
33
Let c(t) = 8*t**2 + 116*t + 1891. Calculate the remainder when c(-21) is divided by 10.
3
Suppose 0 = 112*y - 82*y - 26700. Let l = y - 828. Let a(b) = b**2 - 3. Calculate the remainder when l is divided by a(4).
10
Suppose -193*s + 171*s + 1078 = 0. Let w(b) = 2*b**2 - 5*b + 6. Calculate the remainder when s is divided by w(4).
13
Suppose -6600 = -38*l - 50*l. Calculate the remainder when 298 is divided by l.
73
Suppose -34*u + 19*u = -16*u + 20. What is the remainder when 282 is divided by u?
2
Suppose -96 = -6*a - 0*a. Suppose -2 = -3*q + a. Calculate the remainder when 146 is divided by (-150)/(-4)*q*1/9.
21
Suppose -46 - 11 = 3*w + j, 4*w + 76 = 5*j. Let z = 112 - w. Calculate the remainder when z is divided by 69.
62
Let w(o) be the second derivative of o**4/6 + 11*o**3/2 + 2*o**2 + 40*o. Calculate the remainder when (-2 - -1)*41*-1 is divided by w(-17).
20
Let o(v) = -3*v**3 + 2*v - 2. Let t be o(2). Let r = -1012 + 1048. Let q = t + r. Calculate the remainder when q is divided b